4525068?
False
Does 3 divide 12426?
True
Is 121 a factor of 176902?
True
Is 1844154 a multiple of 426?
True
Is 1919922 a multiple of 308?
False
Is 5672010 a multiple of 114?
False
Is 227729 a multiple of 4?
False
Does 98 divide 2944715?
False
Is 1245067 a multiple of 6?
False
Is 2232649 a multiple of 1323?
False
Is 183159 a multiple of 7?
False
Is 2 a factor of 167240?
True
Does 24 divide 1649088?
True
Does 16 divide 105152?
True
Is 2609105 a multiple of 324?
False
Does 11 divide 10950269?
True
Does 383 divide 2506735?
True
Does 49 divide 49916?
False
Is 40557 a multiple of 33?
True
Is 5917360 a multiple of 38?
True
Is 11 a factor of 8835530?
True
Is 19 a factor of 9302?
False
Is 1313 a factor of 4805580?
True
Is 20733518 a multiple of 13?
True
Is 250 a factor of 425250?
True
Is 57252 a multiple of 70?
False
Does 5 divide 26125?
True
Does 425 divide 708050?
True
Does 117 divide 412191?
True
Does 162 divide 570078?
True
Is 11 a factor of 211314?
False
Is 10287936 a multiple of 63?
False
Is 29 a factor of 198360?
True
Is 169 a factor of 234741?
True
Is 2076126 a multiple of 86?
True
Does 115 divide 64022?
False
Is 380833 even?
False
Is 14 a factor of 410564?
True
Is 1323535 a multiple of 13?
False
Is 321 a factor of 9630?
True
Does 27 divide 889252?
False
Is 4638 a multiple of 2?
True
Does 5 divide 733913?
False
Is 2238 a factor of 14285154?
True
Is 8 a factor of 2056880?
True
Is 83342 a multiple of 33?
False
Is 210 a factor of 12561360?
True
Does 8 divide 473246?
False
Is 12720 a multiple of 40?
True
Is 50 a factor of 35893?
False
Does 21 divide 39414?
False
Does 17 divide 62441?
True
Is 3 a factor of 557850?
True
Does 14 divide 11550?
True
Does 20 divide 8440?
True
Is 1582012 a multiple of 818?
True
Does 28 divide 99064?
True
Is 10423680 a multiple of 30?
True
Is 126456 a multiple of 132?
True
Is 173538 a multiple of 49?
False
Does 2 divide 5688?
True
Does 992 divide 11871067?
False
Does 567 divide 5882710?
False
Is 5701 a multiple of 21?
False
Is 12063117 a multiple of 2113?
True
Does 28 divide 14640?
False
Is 3 a factor of 338841?
True
Does 53 divide 3493336?
True
Is 45 a factor of 1118661?
False
Is 447034 a multiple of 14?
True
Is 179414 a multiple of 219?
False
Is 26 a factor of 44866?
False
Is 8 a factor of 132021?
False
Is 417 a factor of 3361020?
True
Is 227 a factor of 10081751?
True
Does 285 divide 28601?
False
Is 88 a factor of 14307050?
False
Is 5652416 a multiple of 407?
True
Does 92 divide 683100?
True
Is 437 a factor of 1415620?
False
Is 25 a factor of 226719?
False
Does 129 divide 9678441?
False
Is 3642984 a multiple of 171?
True
Is 389962 a multiple of 893?
False
Does 219 divide 48399?
True
Is 30 a factor of 71712?
False
Is 400 a factor of 1740400?
True
Does 219 divide 512022?
True
Does 13 divide 312286?
True
Is 123 a factor of 35806?
False
Does 20 divide 247320?
True
Is 834880 a multiple of 20?
True
Is 114932 a multiple of 8?
False
Does 11 divide 46389?
False
Is 23 a factor of 223?
False
Is 11 a factor of 2524797?
True
Does 438 divide 23145872?
False
Is 368828 a multiple of 38?
True
Is 121 a factor of 143990?
True
Does 4 divide 756?
True
Is 6745121 a multiple of 6?
False
Does 5 divide 32815?
True
Is 13709623 a multiple of 17?
False
Does 2117 divide 11990688?
True
Is 67 a factor of 1457950?
False
Is 163398 a multiple of 25?
False
Is 1650 a factor of 9523800?
True
Is 17 a factor of 487458?
True
Is 37232 a multiple of 12?
False
Is 650 a factor of 628550?
True
Is 364716 a multiple of 11?
True
Does 158 divide 2866910?
True
Is 27820 a multiple of 7?
False
Is 127482 a multiple of 22?
False
Is 393280 a multiple of 160?
True
Is 5649864 a multiple of 11?
True
Is 10849823 a multiple of 167?
True
Is 26 a factor of 653792?
False
Is 400 a factor of 362000?
True
Is 23 a factor of 851851?
True
Does 100 divide 23300?
True
Does 5 divide 44873?
False
Does 93 divide 384555?
True
Does 10 divide 913170?
True
Is 5 a factor of 436837?
False
Is 18354 a multiple of 114?
True
Does 12 divide 17606376?
True
Is 254 a factor of 4473514?
False
Is 130 a factor of 601770?
True
Does 69 divide 124791?
False
Is 3207357 a multiple of 39?
False
Is 294246 a multiple of 18?
True
Is 2170750 a multiple of 19?
True
Does 2 divide 7583?
False
Is 27998 a multiple of 6?
False
Is 15 a factor of 487199?
False
Does 6 divide 205231?
False
Is 7594615 a multiple of 485?
True
Does 1653 divide 12336339?
True
Does 156 divide 587028?
True
Is 326 a factor of 2033173?
False
Does 57 divide 620388?
True
Does 169 divide 1247693?
False
Does 100 divide 33705?
False
Is 2178181 a multiple of 10?
False
Does 1112 divide 4481261?
False
Is 9052875 a multiple of 975?
True
Does 413 divide 12803?
True
Is 6 a factor of 21294?
True
Is 18 a factor of 9468?
True
Does 58 divide 2400644?
False
Is 371 a factor of 207389?
True
Is 6017616 a multiple of 116?
True
Is 34866 a multiple of 431?
False
Does 141 divide 584163?
True
Is 133170 a multiple of 230?
True
Is 40 a factor of 440050?
False
Does 910 divide 2306269?
False
Does 42 divide 296184?
True
Does 100 divide 177900?
True
Does 18 divide 378954?
True
Is 76 a factor of 1671899?
False
Is 35 a factor of 982177?
False
Does 58 divide 2108288?
False
Is 20 a factor of 300492?
False
Does 173 divide 42706?
False
Is 7 a factor of 6493137?
True
Is 209535 a multiple of 85?
False
Is 1352631 a multiple of 26?
False
Is 13003027 a multiple of 2174?
False
Is 81419 a multiple of 13?
True
Is 341 a factor of 925815?
True
Is 768 a factor of 1639680?
True
Is 169 a factor of 1575122?
False
Is 160 a factor of 15520?
True
Is 29 a factor of 293001?
False
Does 59 divide 1200237?
True
Does 167 divide 2947717?
True
Does 321 divide 5115380?
False
Is 16 a factor of 11678688?
True
Does 142 divide 275742?
False
Does 244 divide 1063108?
True
Is 46 a factor of 4105787?
False
Is 702848 a multiple of 19?
True
Is 120 a factor of 6837240?
True
Does 434 divide 427056?
True
Is 442 a factor of 3661999?
False
Is 6868758 a multiple of 11?
False
Is 118262 a multiple of 58?
True
Is 144 a factor of 138096?
True
Is 7 a factor of 343016?
False
Does 167 divide 1188976?
False
Does 35 divide 1377145?
True
Is 65364 a multiple of 78?
True
Is 246192 a multiple of 9?
False
Is 104 a factor of 76648?
True
Is 3541734 a multiple of 126?
True
Does 8 divide 1791672?
True
Is 33957 a multiple of 147?
True
Is 70 a factor of 231700?
True
Is 2125210 a multiple of 6?
False
Is 34932 a multiple of 5?
False
Is 56 a factor of 87416?
True
Is 302822 a multiple of 98?
False
Does 15 divide 4339695?
True
Is 545 a factor of 10754485?
True
Is 247320 a multiple of 24?
True
Is 32 a factor of 53459?
False
Does 63 divide 8170867?
False
Is 6 a factor of 769741?
False
Is 708651 a multiple of 9?
True
Is 21960681 a multiple of 60?
False
Does 6 divide 16829?
False
Does 13 divide 12873484?
True
Is 267237 a multiple of 3?
True
Is 526 a factor of 298768?
True
Does 13 divide 103631?
False
Does 78 divide 23269156?
False
Does 17 divide 80342?
True
Is 62 a factor of 583482?
True
Does 453 divide 916335?
False
Is 308468 a multiple of 2?
True
Is 67 a factor of 2298502?
True
Is 284 a factor of 186020?
True
Does 14 divide 838202?
False
Does 11 divide 11660?
True
Is 19291 a multiple of 3?
False
Does 7 divide 2268362?
False
Is 900 a factor of 230400?
True
Is 26 a factor of 1247386?
False
Is 3316253 a multiple of 109?
False
Is 303 a factor of 298674?
False
Does 18 divide 882774?
True
Is 7528808 a multiple of 89?
False
Is 946309 a multiple of 91?
True
Does 6 divide 12648?
True
Does 22 divide 499818?
True
Does 60 divide 86210?
False
Does 8 divide 3852320?
True
Does 110 divide 24938320?
True
Is 89793 a multiple of 33?
True
Is 12 a factor of 1482771?
False
Is 2657739 a multiple of 3?
True
Is 2 a factor of 375588?
True
Does 13 divide 2875158?
True
Is 8 a factor of 60688?
True
Does 467 divide 20081?
True
Is 15 a factor of 356160?
True
Is 833336 a multiple of 104?
False
Is 14815095 a multiple of 1299?
True
Is 8 a factor of 797321?
False
Is 7840091 a multiple of 198?
False
Is 115 a factor of 2883050?
True
Is 99 a factor of 63756?
True
Does 14 divide 144564?
True
Is 150 a factor of 2139750?
True
Is 70 a factor of 29257?
False
Does 117 divide 20943?
True
Does 14 divide 262192?
True
Is 11 a factor of 36629120?
True
Is 10 a factor of 11540?
True
Is 4757200 a multi